904
In base 4, what is 213003 - -1?
213010
In base 14, what is -4b1 + 0?
-4b1
In base 7, what is 6121 + 1?
6122
In base 4, what is 1001 - 3?
332
In base 11, what is 3 + 75?
78
In base 11, what is -29 + -1?
-2a
In base 14, what is 3 + 3?
6
In base 14, what is -6 - -c5?
bd
In base 10, what is -1 - -413?
412
In base 13, what is -1 + 31?
30
In base 2, what is -100 + -1101001110?
-1101010010
In base 9, what is 33054 + 0?
33054
In base 5, what is 2 - -1120?
1122
In base 15, what is -34d - d?
-35b
In base 7, what is 644 - 3?
641
In base 8, what is 117 + 5?
124
In base 14, what is 1 - 19d?
-19c
In base 12, what is -5383 + -3?
-5386
In base 4, what is 30 + -130?
-100
In base 13, what is 1b4a - -1?
1b4b
In base 16, what is -c - 10?
-1c
In base 3, what is -112121020 + -12?
-112121102
In base 13, what is 4b8 - 2?
4b6
In base 6, what is -3 + 1233?
1230
In base 4, what is 22 - 101121?
-101033
In base 11, what is -38 + a9?
71
In base 7, what is -11 - -2232?
2221
In base 16, what is 5 + -98?
-93
In base 4, what is -33 + 1302?
1203
In base 2, what is -10 + -10011111?
-10100001
In base 12, what is -119 - -4?
-115
In base 15, what is -75 + -3?
-78
In base 16, what is -76 - -1c?
-5a
In base 8, what is 71437 - -3?
71442
In base 12, what is -a0 + 6?
-96
In base 16, what is 4 + 1e?
22
In base 8, what is 5 - 31?
-24
In base 10, what is -2 - -49?
47
In base 13, what is -11a + 0?
-11a
In base 8, what is 0 + -42?
-42
In base 15, what is -10cb - -5?
-10c6
In base 6, what is -12 - -3303?
3251
In base 6, what is 20 + 15?
35
In base 4, what is 0 + 0?
0
In base 4, what is 1 - -102313?
102320
In base 14, what is -5d05 - 4?
-5d09
In base 3, what is 22222 + 12?
100011
In base 12, what is 0 - 73?
-73
In base 14, what is 1 + 412?
413
In base 16, what is 3a6 + -5?
3a1
In base 4, what is 131 + 31?
222
In base 9, what is -68 + -18?
-87
In base 14, what is -1 + -3d5?
-3d6
In base 13, what is 5096 + -5?
5091
In base 14, what is 154 - 3?
151
In base 8, what is 40 + -40?
0
In base 12, what is -12 + -40?
-52
In base 4, what is -221 - -221?
0
In base 6, what is 3 - 5333?
-5330
In base 13, what is -54 - -52?
-2
In base 12, what is 16 + 854?
86a
In base 8, what is -66 - 5?
-73
In base 7, what is 2 + 135?
140
In base 8, what is -5 - 35?
-42
In base 8, what is -1527 + -2?
-1531
In base 5, what is -2 - 2?
-4
In base 6, what is -2034 + -54?
-2132
In base 6, what is 21 + 2010?
2031
In base 10, what is 49 - -9?
58
In base 13, what is c - b?
1
In base 8, what is 245 + 3?
250
In base 14, what is -7 + -11?
-18
In base 13, what is -5 - 2a9?
-2b1
In base 5, what is 32 + -30?
2
In base 13, what is 7 + -8?
-1
In base 4, what is -101 + -1?
-102
In base 9, what is -1 - 36?
-37
In base 7, what is -4244 - 2?
-4246
In base 15, what is -1 - -92?
91
In base 14, what is 392 + 8?
39a
In base 10, what is -4343 + 1?
-4342
In base 7, what is 1626 + 1?
1630
In base 14, what is -67 - 9?
-72
In base 16, what is -11 - -6e?
5d
In base 12, what is -11a - 11?
-12b
In base 14, what is 14 - 7?
b
In base 12, what is -2b - -112?
a3
In base 9, what is -1 - 12?
-13
In base 14, what is 5 + -9a?
-95
In base 6, what is -4445 + -3?
-4452
In base 2, what is -11100 + -110100?
-1010000
In base 3, what is 1 - 10022?
-10021
In base 15, what is 2 + 48?
4a
In base 14, what is 1 + -11?
-10
In base 4, what is 3121 + 113?
3300
In base 6, what is -5 + -2?
-11
In base 8, what is -736 - -4?
-732
In base 10, what is -23 - 4?
-27
In base 12, what is -2 - -7?
5
In base 12, what is -27 + -3?
-2a
In base 16, what is 23 - 3?
20
In base 11, what is 8 + -297?
-28a
In base 13, what is -12 - -81?
6c
In base 13, what is 55 + 0?
55
In base 13, what is -2c2 + -1?
-2c3
In base 5, what is 334 + -122?
212
In base 3, what is -1 + -1012022?
-1012100
In base 8, what is 53 + 360?
433
In base 12, what is -10 + 0?
-10
In base 3, what is 10 + 101002010?
101002020
In base 8, what is 3 + -57?
-54
In base 11, what is -4 - 319?
-322
In base 12, what is 2b4 - a?
2a6
In base 13, what is 108 + 9?
114
In base 13, what is -738 - -4?
-734
In base 7, what is -3 - -11?
5
In base 7, what is 400 + -16?
351
In base 5, what is -2044 - 10?
-2104
In base 14, what is -24 - -1?
-23
In base 5, what is -302 + 11?
-241
In base 5, what is 223 - -4?
232
In base 12, what is -112 - 48?
-15a
In base 11, what is -16 + 6a4?
689
In base 10, what is -39 + -5?
-44
In base 9, what is -316 + -22?
-338
In base 2, what is -10 + 110111?
110101
In base 16, what is -22 - -1?
-21
In base 15, what is 0 - -a6c?
a6c
In base 16, what is -6d + -1?
-6e
In base 10, what is -1 + 6?
5
In base 4, what is -31121 + -10?
-31131
In base 7, what is -2 + -66?
-101
In base 4, what is -121 - -10?
-111
In base 4, what is -13211 + -22?
-13233
In base 2, what is -101000111 - 10?
-101001001
In base 4, what is 0 - 23120?
-23120
In base 10, what is -124 + 3?
-121
In base 6, what is 25 + 10?
35
In base 7, what is 3 - 103?
-100
In base 8, what is 13247 - 5?
13242
In base 7, what is 266 + -40?
226
In base 8, what is -1000 - -1?
-777
In base 11, what is -13648 + -5?
-13652
In base 15, what is -25a9 - -5?
-25a4
In base 7, what is -443 + -5?
-451
In base 11, what is -45 + -3?
-48
In base 14, what is 8 - 27?
-1d
In base 4, what is -1031 + 2?
-1023
In base 13, what is 0 - -67?
67
In base 12, what is -15 + -19?
-32
In base 6, what is 1244 + -4?
1240
In base 14, what is -2 + 129?
127
In base 12, what is 0 - 40?
-40
In base 3, what is -12 + -222?
-1011
In base 6, what is -533 - 2?
-535
In base 12, what is -238 + 13?
-225
In base 4, what is -22 + 11?
-11
In base 13, what is -3b7 + -9?
-3c3
In base 16, what is 10 - -d?
1d
In base 2, what is 1001111 + 11?
1010010
In base 10, what is 3 + 8260?
8263
In base 4, what is 11 - 313?
-302
In base 14, what is 3 + -1d?
-1a
In base 15, what is -166 - -1?
-165
In base 8, what is -2 - 46?
-50
In base 6, what is -40 + 5?
-31
In base 5, what is -2 + -22232?
-22234
In base 10, what is -105 - 8?
-113
In base 5, what is -440 + 14?
-421
In base 11, what is 7 - 1183?
-1177
In base 11, what is -8 - -29?
21
In base 9, what is -13611 - -3?
-13607
In base 8, what is 446 + -3?
443
In base 11, what is 9 - -24?
32
In base 4, what is -11 + 2130?
2113
In base 9, what is -33 + 0?
-33
In base 10, what is -1 + -55?
-56
In base 11, what is -3 + -1226?
-1229
In base 11, what is -25a + 10?
-24a
In base 8, what is 43 - -2?
45
In base 10, what is 5 + -524?
-519
In base 13, what is -4 + 35c?
358
In base 16, what is -79 + 1?
-78
In base 4, what is -11 + 1020?
1003
In base 9, what is -73 - 1?
-74
In base 16, what is -1 - -961?
960
In base 9, what is -6702 - 0?
-6702
In base 16, what is a - -1c?
26
In base 12, what is 2 - 71b?
-719
In base 14, what is -7 + 6?
-1
In base 5, what is -10 + -2124?
-2134
In base 2, what is -11011 - 111010?
-1010101
In base 10, what is -207 - -5?
-202
In base 9, what is -4 + 182?
177
In base 15, what is -1 - 37?
-38
In base 6, what is -5 - -344?
335
In base 15, what is -1 - -1b?
1a
In base 15, what is 52 + 13?
65
In base 11, what is -2a + 140?
111
In base 4, what is 1 + -33200?
-33133
In base 3, what is -20 + 2?
-11
In base 7, what is 3 - -2162?
2165
In base 5, what is 3443 + 10?
4003
In base 2, what is 1000 + -1000011?
-111011
In base 7, what is -1525 - -2?
-1523
In base 15, what is 5d + 0?
5d
In base 4, what is 23202 + -1?
23201
In base 6, what is 140241 - -4?
140245
In base 14, what is 3 + -22b6?
-22b3
In base 15, what is -ab + -5?
-b1
In base 11, what is -749 - -15?
-734
In base 14, what is 659 - 2?
657
In base 16, what is 2 + 91?
93
In base 15, what is 22 - 53?
-31
In base 15, what is 0 + -7?
-7
In base 14, what is 1c2 + -1?
1c1
In base 15, what is -5 - -242?
23c
In base 5, what is 21123 + -4?
21114
In base 10, what is -562 - 10?
-572
In base 9, what is 5 + 7?
13
In base 6, what is 55 + 12?
111
In base 6, what is 5 - -3?
12
In base 16, what is 7 + 12?
19
In base 15, what is -2 + 62?
60
In base 10, what is 376 + 1?
377
In base 9, what is -5 - 40?
-45
In base 15, what is -d + -b?
-19
In base 6, what is 5 + 43531?
43540
In base 2, what is 10 - -1000000000?
1000000010
In base 6, what is -14 - 0?
-14
In base 2, what is -10000 - -110000?
100000
In base 4, what is 1230 + -10?
1220
In base 16, what is 8c + 18?
a4
In base 13, what is 3 - 6?
-3
In base 7, what is -3 - -16?
13
In base 14, what is -c7 - 11b?
